{"id":17,"date":"2011-07-21T10:31:10","date_gmt":"2011-07-21T10:31:10","guid":{"rendered":"http:\/\/www.henning-foerster.de\/?page_id=17"},"modified":"2020-08-20T19:12:20","modified_gmt":"2020-08-20T17:12:20","slug":"kontakt","status":"publish","type":"page","link":"https:\/\/henning-foerster.de\/?page_id=17","title":{"rendered":"Kontakt"},"content":{"rendered":"<p>B\u00fcrgerb\u00fcro<br>Martinstra\u00dfe 1\/1A<br>19053 Schwerin<\/p>\n<p>Telefon: 0385\/59 23 442<br>Fax: 0385\/59 23 443<\/p>\n<p>Wahlkreismitarbeiter Schwerin: Viktor Micheilis<\/p>\n<p>Email: wkb@henning-foerster.de<\/p>\n<p style=\"text-align: justify;\">Dieses Internetangebot informiert \u00fcber Aktivit\u00e4ten und Vorhaben von Henning Foerster. Die Webinhalte werden von uns elektronisch erstellt und manuell \u00fcberarbeitet. F\u00fcr eventuelle Abweichungen von Originaltexten \u00fcbernehmen wir keine Haftung.<\/p>\n<p style=\"text-align: justify;\"><strong>Impressum<\/strong><\/p>\n<p><em>Das Internetangebot wird herausgegeben von:<\/em><\/p>\n<p><em>Henning Foerster,&nbsp; <\/em><\/p>\n<p><em>Martinstr. 1\/1a<br><\/em><\/p>\n<p><em>19053 Schwerin<br><\/em><\/p>\n<p>&nbsp;<\/p>\n<p><em>Verantwortlicher im Sinne von \u00a7 55 Abs. 2 RStV und \u00a7 5 TMG:<\/em><\/p>\n<p><em>Viktor Micheilis<\/em><\/p>\n<p><em>Wahlkreisb\u00fcro MdL <\/em><\/p>\n<p><em>Martinstr. 1\/1a<br><\/em><\/p>\n<p><em>19053 Schwerin<br><\/em><\/p>\n<p><em>Tel.:&nbsp; 0385 59 23 442<br><\/em><\/p>\n<p><em>Fax:&nbsp; 0385 59 23 443<br><\/em><\/p>\n<p><em>E-Mail: wkb@henning-foerster.de<b> <\/b><\/em><\/p>\n<p>&nbsp;<\/p>\n<h2><strong>Datenschutz<\/strong><\/h2>\n<p>Die Partei DIE LINKE und ihre Abgeordnet*innen nehmen den Schutz Ihrer pers\u00f6nlichen Daten sehr ernst und halten sich strikt an die Regeln der Datenschutzgesetze. Personenbezogene Daten werden auf dieser Webseite nur im technisch notwendigen Umfang erhoben. Die Datenverarbeitung beim Besuch unserer Internetseite erfolgt auf der Grundlage des Art. 6 (1) e Datenschutzgrundverordnung in Verbindung mit \u00a71 (1) Parteiengesetz sowie auf Art. 6 (1) f DSGVO, soweit Daten zur Gew\u00e4hrleistung der Sicherheit des technischen Systems verarbeitet werden. Bei der Anmeldung zu einer Veranstaltung oder zur Kontaktaufnahme werden weitere Daten auf der Basis einer Einwilligung gem\u00e4\u00df den gesetzlichen Vorgaben des Art. 6 (1) a Datenschutzgrundverordnung durch uns so lange verarbeitet, wie es zur Durchf\u00fchrung der Aufgabe erforderlich ist.<\/p>\n<blockquote>\n<p><em>Datum der Ver\u00f6ffentlichung 20.08.2020: Aktualisierung unserer Datenschutzhinweise<\/em><\/p>\n<p><em>Auf Grundlage der <\/em><a href=\"http:\/\/curia.europa.eu\/juris\/document\/document.jsf;jsessionid=6BAFF3A6D8468445A0B6FBD4D7DD4C20?text=&amp;docid=228677&amp;pageIndex=0&amp;doclang=DE&amp;mode=req&amp;dir=&amp;occ=first&amp;part=1&amp;cid=10013022\"><em>Entscheidung des Europ\u00e4ischen Gerichtshofes vom 16.07.2020<\/em><\/a><em> setzen wir hiermit unsere Kunden, Gesch\u00e4ftspartner, Mitarbeiter, Webseitenbesucher und sonstige Kommunikationspartner davon in Kenntnis, dass m\u00f6glicherweise bei einer Nutzung US-amerikanischer Dienstleister wie Amazon, Asana, Facebook, Google, MailChimp, Twitter, TeamViewer, YouTube, etc. und ihrer jeweiligen europ\u00e4ischen Tochterunternehmen im Rahmen der Kommunikation kein angemessenes und den EU-Regeln vergleichbares Datenschutzniveau eingehalten werden kann. Aufgrund nationaler Gesetze kann ein au\u00dfereurop\u00e4ischer Anbieter aufgrund des nationalen Rechts gezwungen sein, Kommunikationsdaten an nationale Sicherheitsbeh\u00f6rden herauszugeben, ohne dass diese Herausgabe in einem unabh\u00e4ngigen gerichtlichen Verfahren auf Antrag des Betroffenen auf seine Rechtm\u00e4\u00dfigkeit hin gepr\u00fcft werden kann. Da diese Feststellung des Gerichtes auch f\u00fcr Unternehmen mit Sitz und Datenverarbeitung in Europa sowohl unter dem sog. <\/em><a href=\"https:\/\/eur-lex.europa.eu\/legal-content\/DE\/TXT\/PDF\/?uri=CELEX:32016D1250&amp;from=EN\"><em>EU-US Privacy Shield<\/em><\/a>, als auch <em>den Standardvertragsklauseln sowie den Verbindlichen Unternehmensregelungen zutrifft, m\u00fcssen wir nunmehr im Einzelfall alle Daten\u00fcbermittlungen an Drittanbieter&nbsp; pr\u00fcfen und gegebenenfalls einstellen oder durch EU-ans\u00e4ssige Anbieter ersetzen. Hierzu sind wir gegenw\u00e4rtig im Gespr\u00e4ch mit unseren Dienstleistern und den Aufsichtsbeh\u00f6rden.<\/em><\/p>\n<\/blockquote>\n<div id=\"c47470\" class=\"flexbox-item flexbox-item-content-element frame frame-default default frame-type-text frame-layout-0 frame-background- frame-no-backgroundimage frame-space-before-none frame-space-after-none\">\n<div class=\"frame-container\">\n<div class=\"frame-inner\">\n<h2 class=\"\">Die nachfolgende Erkl\u00e4rung<\/h2>\n<p>gibt Ihnen einen \u00dcberblick dar\u00fcber, wie wir diesen Schutz gew\u00e4hrleisten und welche Art von Daten zu welchem Zweck erhoben werden.<\/p>\n<\/div>\n<\/div>\n<\/div>\n\n\n<p><strong>Datenverarbeitung auf dieser Internetseite<\/strong><\/p>\n\n\n\n<p>Unser Server erhebt und speichert automatisch in seinen Logfiles Informationen, die Ihr Browser an uns \u00fcbermittelt. Dies sind:<\/p>\n\n\n\n<ul class=\"wp-block-list\"><li>Browsertyp\/ -version<\/li><li>verwendetes Betriebssystem<\/li><li>Referrer URL (die zuvor besuchte Seite)<\/li><li>Uhrzeit der Serveranfrage.<\/li><\/ul>\n\n\n\n<p>Diese Daten k\u00f6nnen von uns nicht bestimmten Personen zugeordnet werden. Eine Zusammenf\u00fchrung dieser Daten mit anderen Datenquellen wird nicht vorgenommen, die Daten werden zudem nach einer statistischen Auswertung gel\u00f6scht.<\/p>\n\n\n\n<p>Zur Verbesserung unseres Onlineangebots werten wir die Benutzung der Website gelegentlich aus. Wir erstellen hierf\u00fcr Besucherstatistiken unter Nutzung der Open Source-Webanalysesoftware Piwik. (Neuere Versionen dieser Software werden unter der Bezeichnung&nbsp;<a href=\"https:\/\/matomo.org\/\" target=\"_blank\" rel=\"noreferrer noopener\">Matomo<\/a>&nbsp;ver\u00f6ffentlicht.) Diese analysiert die Zugriffe auf unserem Portal mittels einer Javascript-Einf\u00fcgung in jede unserer Webseiten und einigen wenigen Identifikationsdateien (sogenannten Cookies).<\/p>\n\n\n\n<p>Piwik speichert standardm\u00e4\u00dfig die IP-Adresse aller Nutzer. Den Empfehlungen der datenschutzfreundlichen &#8222;Wir speichern nicht&#8220;-Selbstverpflichtungsinitiative folgend, benutzen wir Piwik allerdings in einer angepassten Form, bei der die IP-Adresse standardm\u00e4\u00dfig anonymisiert wird. <a href=\"http:\/\/www.wirspeichernnicht.de\/content\/view\/38\/24\/\" target=\"_blank\" rel=\"noreferrer noopener\">Mehr Informationen dazu<\/a>.<\/p>\n\n\n\n<h4 class=\"wp-block-heading\">Cookies<\/h4>\n\n\n\n<p>Die Internetseiten verwenden an mehreren Stellen so genannte Cookies. Sie dienen dazu, unser Angebot nutzerfreundlicher, effektiver und sicherer zu machen. Cookies sind kleine Textdateien, die auf Ihrem Rechner abgelegt werden und die Ihr Browser speichert. Die meisten der von uns verwendeten Cookies sind so genannte &#8222;Session-Cookies&#8220;. Sie werden nach Ende Ihres Besuchs automatisch gel\u00f6scht. Cookies richten auf Ihrem Rechner keinen Schaden an und enthalten keine Viren.<\/p>\n\n\n\n<h4 class=\"wp-block-heading\">Newsletter<\/h4>\n\n\n\n<p>Wenn Sie den auf der Webseite angebotenen Newsletter empfangen m\u00f6chten, ben\u00f6tigen wir von Ihnen eine g\u00fcltige eMail-Adresse sowie Informationen, die uns die \u00dcberpr\u00fcfung gestatten, dass Sie der Inhaber der angegebenen eMail-Adresse sind bzw. deren Inhaber mit dem Empfang des Newsletters einverstanden ist. Weitere Daten werden nicht erhoben.<\/p>\n\n\n\n<p>Ihre Einwilligung zur Speicherung der Daten, der eMail-Adresse sowie deren Nutzung zum Versand des Newsletters k\u00f6nnen Sie jederzeit widerrufen.<\/p>\n\n\n\n<p><strong>Facebook<\/strong><\/p>\n\n\n\n<p><strong>Auf Aufforderung der Berliner Beauftragten f\u00fcr Datenschutz und Informationsfreiheit weisen wir hiermit ausdr\u00fccklich darauf hin,<\/strong><\/p>\n\n\n\n<ul class=\"wp-block-list\"><li><strong>dass jeder das Recht auf einen Widerspruch gegen die Verarbeitung seiner Daten hat und<\/strong><\/li><li><strong>dass auch die Berliner Aufsichtsbeh\u00f6rde erreichbar unter: &nbsp;&nbsp;&nbsp;&nbsp;&nbsp;<\/strong><br><strong>Berliner Beauftragte f\u00fcr Datenschutz und Informationsfreiheit<\/strong><br><strong>Friedrichstr. 219<\/strong><br><strong>Besuchereingang: Puttkamerstr. 16 \u2013 18 (5. Etage)<\/strong><br><strong>10969 Berlin<\/strong><br><strong>Telefon: 030 13889-0<\/strong><br><strong>Telefax: 030 2155050<\/strong><br><strong>E-Mail:&nbsp;<a href=\"mailto:mailbox@datenschutz-berlin.de\">mailbox@datenschutz-berlin.de<\/a><\/strong><br><strong><a href=\"https:\/\/www.datenschutz-berlin.de\/buergerinnen-und-buerger\/ihre-beschwerde-bei-uns\/\" target=\"_blank\" rel=\"noreferrer noopener\">https:\/\/www.datenschutz-berlin.de\/buergerinnen-und-buerger\/ihre-beschwerde-bei-uns\/<\/a>&nbsp;<\/strong><\/li><\/ul>\n\n\n\n<p><br><strong>wie alle lokal zust\u00e4ndigen Datenschutzaufsichtsbeh\u00f6rden f\u00fcr Beschwerden der Betroffenen zust\u00e4ndig ist.<\/strong><\/p>\n\n\n\n<p><strong>&#8211;<\/strong><\/p>\n\n\n\n<p>Wir erhalten von Facebook anonyme Statistiken zur Verwendung und Nutzung unser Fanpage. Diese Daten erheben wir zum Zweck der besseren Gestaltung unserer Informationsangebote im Rahmen der Erf\u00fcllung unserer Aufgaben nach Parteiengesetz auf Basis der Vorgaben des Artikel 6 Absatz 1 Buchstabe f der Datenschutz-Grundverordnung (DSGVO).<br>&nbsp;<br>Facebook teilt hierzu Folgendes mit:<br>&nbsp;<br>Wenn du Facebook-Produkte wie u. a. Seiten nutzt, erhebt und verwendet Facebook die in der Facebook- <a href=\"https:\/\/www.facebook.com\/about\/privacy\/update\" target=\"_blank\" rel=\"noreferrer noopener\">Datenrichtlinie<\/a> unter \u201eWelche Arten von Informationen erfassen wir?\u201c beschriebenen Informationen. Erfahre in unserer Cookie-<a href=\"https:\/\/www.facebook.com\/policies\/cookies\/\" target=\"_blank\" rel=\"noreferrer noopener\">Richtlinie<\/a> mehr dar\u00fcber, wie wir Cookies und \u00e4hnliche Technologien einsetzen.<br>F\u00fcr Seiten stellt Facebook Seitenbetreibern <a href=\"https:\/\/www.facebook.com\/business\/pages\/manage#page_insights\" target=\"_blank\" rel=\"noreferrer noopener\">Statistiken und Einblicke<\/a> bereit, mit deren Hilfe diese Erkenntnisse \u00fcber die Arten von Handlungen erhalten, die Personen auf ihren Seiten vornehmen (\u201eSeiten-Insights\u201c).<br>Der Schutz deiner Privatsph\u00e4re ist uns sehr wichtig. Deshalb haben wir Seiten-Insights entwickelt, mit denen wir Seitenbetreibern wichtige Trends aufzeigen k\u00f6nnen ohne Details preiszugeben, anhand derer du identifiziert werden k\u00f6nntest (bitte beachte, dass Seitenbetreiber in Insights dein Profilbild eventuell deinen \u201eGef\u00e4llt mir\u201c-Angaben f\u00fcr die Seite zuordnen k\u00f6nnen, wenn du ihre Seite mit \u201eGef\u00e4llt mir\u201c markiert und deine \u201eGef\u00e4llt mir\u201c-Angaben f\u00fcr Seiten auf \u201e\u00f6ffentlich\u201c eingestellt hast).<br>&nbsp;<br>Zum Erstellen von Seiten-Insights verwendete Informationen<br>&nbsp;<br>Bei Seiten-Insights handelt es sich um zusammengefasste Statistiken, die anhand bestimmter Events erstellt werden, die von den Facebook-Servern protokolliert werden, wenn Personen mit Seiten und den mit ihnen verbundenen Inhalten interagieren.<br>Solche Events bestehen aus unterschiedlichen Datenpunkten, zu denen, abh\u00e4ngig von dem jeweiligen Event, zum Beispiel die folgenden z\u00e4hlen:<\/p>\n\n\n\n<ul class=\"wp-block-list\"><li>Handlungen von Personen. Dies umfasst zum Beispiel folgende Handlungen:<\/li><li>Eine Seite, einen Beitrag, ein Video, eine Story oder sonstige mit einer Seite verbundene Inhalte ansehen<\/li><li>Mit einer Story interagieren<\/li><li>Eine Seite abonnieren bzw. nicht mehr abonnieren<\/li><li>Eine Seite oder einen Beitrag mit \u201eGef\u00e4llt mir\u201c oder \u201eGef\u00e4llt mir nicht mehr\u201c markieren<\/li><li>Eine Seite in einem Beitrag oder Kommentar empfehlen<\/li><li>Einen Seitenbeitrag kommentieren, teilen oder auf ihn reagieren (einschlie\u00dflich der Art der Reaktion)<\/li><li>Einen Seitenbeitrag verbergen oder als Spam melden<\/li><li>Die Maus \u00fcber einen Link zu einer Seite oder den Namen oder das Profilbild einer Seite bewegen, um eine Vorschau der Seiteninhalte zu sehen<\/li><li>Auf den Website-, Telefonnummer-, \u201eRoute planen\u201c-Button oder einen anderen Button auf einer Seite klicken<\/li><li>Die Veranstaltung einer Seite sehen, auf eine Veranstaltung reagieren (einschlie\u00dflich der Art der Reaktion), auf einen Link f\u00fcr Veranstaltungstickets klicken<\/li><li>Eine Messenger-Unterhaltung mit der Seite beginnen<\/li><li>Artikel in einem Seiten-Shop ansehen oder anklicken<\/li><li>Informationen zu den Handlungen, den Personen, die die Handlungen vorgenommen haben, und zu den daf\u00fcr verwendeten Browsern\/Apps. Dies sind zum Beispiel:<\/li><li>Datum und Zeit der Handlung<\/li><li>Land\/Stadt (gesch\u00e4tzt anhand der IP-Adresse oder bei eingeloggten Nutzern aus dem Nutzerprofil)<\/li><li>Sprachencode (aus dem HTTP-Header des Browsers und\/oder der Spracheinstellung)<\/li><li>Alters-\/Geschlechtergruppe (aus dem Nutzerprofil, nur bei eingeloggten Nutzern)<\/li><li>Zuvor besuchte Websites (aus dem HTTP-Header des Browsers)<\/li><li>Ob die Handlung auf einem Computer oder auf einem Mobilger\u00e4t vorgenommen wurde (aus dem Browser User Agent oder aus App-Attributen)<\/li><li>Facebook-Nutzer-ID (nur f\u00fcr eingeloggte Nutzer)<\/li><\/ul>\n\n\n\n<p>Ob du bei Facebook eingeloggt bist, ermitteln wir mithilfe von Cookies, die wir gem\u00e4\u00df unserer Cookie-<a href=\"https:\/\/www.facebook.com\/policies\/cookies\/\" target=\"_blank\" rel=\"noreferrer noopener\">Richtlinie<\/a> einsetzen. Nur wenige Events k\u00f6nnen ausgel\u00f6st werden, wenn du nicht bei Facebook eingeloggt bist. Dazu geh\u00f6ren u. a. das Besuchen einer Seite oder das Klicken auf ein Foto oder Video in einem Beitrag, um es anzusehen.<br>Seitenbetreiber haben keinen Zugriff auf die Daten, die im Rahmen von Events verarbeitet werden, sondern nur auf die zusammengefassten Seiten-Insights.<br>&nbsp;<br><em>Verantwortung f\u00fcr deine zum Erstellen von Seiten-Insights verwendeten Informationen<\/em><br>&nbsp;<br>Seiten-Insights, die f\u00fcr eine Seite bereitgestellt werden, erfordern m\u00f6glicherweise die Verarbeitung personenbezogener Daten, die gem\u00e4\u00df der Europ\u00e4ischen Datenschutz-Grundverordnung (oder \u201eDSGVO\u201c) gesch\u00fctzt sind. Die DSGVO gilt f\u00fcr die Verarbeitung deiner Daten f\u00fcr Seiten-Insights, wenn du beispielsweise in der Europ\u00e4ischen Union lebst. Facebook Ireland, 4 Grand Canal Square, Grand Canal Harbour, Dublin 2, Irland (\u201eFacebook Ireland\u201c) und der Seitenbetreiber sind dann unter Umst\u00e4nden gemeinsam verantwortlich f\u00fcr die Verarbeitung deiner Daten, die zum Erstellen von Seiten-Insights im Zusammenhang mit einem Besuch oder einer anderen Interaktion mit einer Seite oder den mit ihr verbundenen Inhalten verarbeitet werden. In diesem Fall gilt Folgendes:<\/p>\n\n\n\n<ul class=\"wp-block-list\"><li>Facebook Ireland und der Seitenadministrator haben eine <a href=\"https:\/\/www.facebook.com\/legal\/terms\/page_controller_addendum\" target=\"_blank\" rel=\"noreferrer noopener\">Vereinbarung<\/a> getroffen, in der festgelegt ist, wer von ihnen welche Verpflichtung aus der DSGVO erf\u00fcllt. Informationen zum Seitenbetreiber findest du in den Informationen, die auf seiner Seite bereitgestellt oder dort einbezogen werden.<\/li><li>Facebook Ireland und der Seitenbetreiber haben vereinbart, dass Facebook Ireland daf\u00fcr verantwortlich ist, dir Informationen \u00fcber die Verarbeitung f\u00fcr Seiten-Insights bereitzustellen und es dir zu erm\u00f6glichen, deine dir gem\u00e4\u00df der DSGVO zustehenden Rechte auszu\u00fcben. Gem\u00e4\u00df DSGVO hast du das Recht auf <a href=\"https:\/\/www.facebook.com\/help\/contact\/180237885820953\" target=\"_blank\" rel=\"noreferrer noopener\">Auskunft<\/a>, Berichtigung, <a href=\"https:\/\/www.facebook.com\/help\/contact\/180237885820953\" target=\"_blank\" rel=\"noreferrer noopener\">\u00dcbertragbarkeit<\/a> und L\u00f6schung deiner Daten sowie auf <a href=\"https:\/\/www.facebook.com\/help\/contact\/1638046109617856\" target=\"_blank\" rel=\"noreferrer noopener\">Widerspruch<\/a> gegen die Verarbeitung deiner Daten und auf Einschr\u00e4nkung der Verarbeitung. In deinen Facebook-<a href=\"https:\/\/www.facebook.com\/settings?tab=your_facebook_information\" target=\"_blank\" rel=\"noreferrer noopener\">Einstellungen<\/a> erf\u00e4hrst du mehr \u00fcber diese Rechte. Du kannst auch den Datenschutzbeauftragten von Facebook Ireland kontaktieren, dessen Kontaktdaten du in der Datenrichtlinie von Facebook Ireland findest.<\/li><\/ul>\n\n\n\n<p>Facebook und der Seitenbetreiber haben vereinbart, dass die irische Datenschutzkommission die federf\u00fchrende Aufsichtsbeh\u00f6rde ist, die die Verarbeitung f\u00fcr Seiten-Insights \u00fcberwacht (m\u00f6glicherweise finden Ausnahmeregelungen Anwendung, wenn es sich beim Seitenbetreiber um eine \u00f6ffentliche Stelle handelt). Du hast stets das Recht, eine Beschwerde bei der irischen Datenschutzkommission (siehe unter <a href=\"https:\/\/www.dataprotection.ie\" target=\"_blank\" rel=\"noreferrer noopener\">www.dataprotection.ie<\/a>) oder bei deiner lokalen Aufsichtsbeh\u00f6rde einzureichen.<br>Die jeweils aktualisierten Informationen kannst Du auch <a href=\"https:\/\/www.facebook.com\/legal\/terms\/information_about_page_insights_data\" target=\"_blank\" rel=\"noreferrer noopener\">HIER<\/a> nachlesen.<\/p>\n\n\n\n<h4 class=\"wp-block-heading\">YouTube<\/h4>\n\n\n\n<p>Wir haben auf unserer Internetseite Komponenten des Dienstes YouTube integriert. YouTube ist ein Internet-Videoportal, dass Video-Publishern das kostenlose Einstellen von Videoclips und anderen Nutzern die ebenfalls kostenfreie Betrachtung, Bewertung und Kommentierung dieser erm\u00f6glicht. YouTube gestattet die Publikation aller Arten von Videos, weshalb sowohl komplette Film- und Fernsehsendungen, aber auch Musikvideos, Trailer oder von Nutzern selbst angefertigte Videos \u00fcber das Internetportal abrufbar sind.<\/p>\n\n\n\n<p>Betreibergesellschaft von YouTube ist die YouTube, LLC, 901 Cherry Ave., San Bruno, CA 94066, USA. Die YouTube, LLC ist einer Tochtergesellschaft der Google LLC, 1600 Amphitheatre Pkwy, Mountain View, CA 94043-1351, USA.<\/p>\n\n\n\n<p>Durch jeden Aufruf einer der Einzelseiten unserer Internetseite, auf welcher eine YouTube-Komponente (YouTube-Video) integriert wurde, wird der Internetbrowser auf Ihrem System automatisch durch die jeweilige YouTube-Komponente veranlasst, eine Darstellung der entsprechenden Komponente von YouTube herunterzuladen. Im Rahmen dieses technischen Verfahrens erhalten YouTube und Google Kenntnis dar\u00fcber, welche konkrete Unterseite unserer Internetseite durch Sie besucht wird.<\/p>\n\n\n\n<p>Durch einen Aufruf einer der Einzelseiten, auf welcher eine YouTube-Komponente integriert wurde und Sie aktiv in das Abspielen der Inhalte eingewilligt haben, wird der Internetbrowser auf Ihrem System automatisch durch die jeweilige YouTube-Komponente veranlasst, eine Darstellung der entsprechenden Komponente von YouTube herunterzuladen. Im Rahmen dieses technischen Verfahrens erhalten YouTube und Google Kenntnis dar\u00fcber, welche konkrete Unterseite unserer Internetseite durch Sie besucht wird.<\/p>\n\n\n\n<p>Sofern Sie gleichzeitig bei YouTube eingeloggt sind, erkennt YouTube mit jedem Aufruf unserer Internetseite durch Sie und w\u00e4hrend der gesamten Dauer Ihres jeweiligen Aufenthaltes auf unserer Internetseite, welche konkrete Unterseite Sie besuchen. Diese Informationen werden durch die YouTube-Komponente gesammelt und durch YouTube Ihrem YouTube-Account zugeordnet. Bet\u00e4tigen Sie eine auf unserer Internetseite integrierte YouTube-Komponente, werden die damit \u00fcbertragenen Daten und Informationen Ihrem pers\u00f6nlichen YouTube-Benutzerkonto zugeordnet und von YouTube und Google gespeichert und verarbeitet.<\/p>\n\n\n\n<p>YouTube und Google erhalten \u00fcber die YouTube-Komponente immer dann eine Information dar\u00fcber, dass Sie unsere Internetseite besucht haben, wenn Sie zum Zeitpunkt des Aufrufs unserer Internetseite gleichzeitig bei YouTube eingeloggt sind; dies findet unabh\u00e4ngig davon statt, ob Sie die YouTube-Komponente anklicken oder nicht.<\/p>\n\n\n\n<p>&nbsp;Ist eine derartige \u00dcbermittlung dieser Informationen an YouTube und Google von Ihnen nicht gewollt, k\u00f6nnen Sie die \u00dcbermittlung dadurch verhindern, indem Sie sich vor einem Aufruf unserer Internetseite aus ihrem YouTube-Account ausloggen.<br>Weitere Informationen und die geltenden Datenschutzbestimmungen von YouTube k\u00f6nnen unter <a href=\"https:\/\/www.google.de\/intl\/de\/policies\/privacy\/\" target=\"_blank\" rel=\"noreferrer noopener\">www.google.de\/intl\/de\/policies\/privacy\/<\/a> abgerufen werden.<\/p>\n\n\n\n<h4 class=\"wp-block-heading\">Auskunftsrecht<\/h4>\n\n\n\n<p>Sie haben jederzeit das Recht auf Auskunft \u00fcber die bez\u00fcglich Ihrer Person gespeicherten Daten, deren Herkunft und Empf\u00e4nger sowie den Zweck der Speicherung. Auskunft \u00fcber die gespeicherten Daten gibt der <a href=\"mailto:datenschutz@die-linke.de\">Datenschutzbeauftragte<\/a> der Bundesgesch\u00e4ftsstelle der Partei DIE LINKE.<\/p>\n\n\n\n<h4 class=\"wp-block-heading\">Beschwerderecht<\/h4>\n\n\n\n<p>Unbeschadet eines anderweitigen verwaltungsrechtlichen oder gerichtlichen Rechtsbehelfs steht Ihnen das Recht auf Beschwerde bei einer Aufsichtsbeh\u00f6rde, insbesondere in dem Mitgliedstaat ihres Aufenthaltsorts, ihres Arbeitsplatzes oder des Orts des mutma\u00dflichen Versto\u00dfes, zu, wenn Sie der Ansicht sind, dass die Verarbeitung der Sie betreffenden personenbezogenen Daten gegen die DSGVO verst\u00f6\u00dft.<\/p>\n\n\n\n<p>Die Aufsichtsbeh\u00f6rde, bei der die Beschwerde eingereicht wurde, unterrichtet den Beschwerdef\u00fchrer \u00fcber den Stand und die Ergebnisse der Beschwerde einschlie\u00dflich der M\u00f6glichkeit eines gerichtlichen Rechtsbehelfs nach Art. 78 DSGVO.<\/p>\n\n\n\n<p>Die Kontaktdaten der zust\u00e4ndigen Aufsichtsbeh\u00f6rden finden Sie hier:&nbsp;<a href=\"http:\/\/www.bfdi.bund.de\/DE\/Infothek\/Anschriften_Links\/anschriften_links-node.html\" target=\"_blank\" rel=\"noreferrer noopener\">www.bfdi.bund.de<\/a><\/p>\n\n\n\n<h4 class=\"wp-block-heading\">Weitere Informationen<\/h4>\n\n\n\n<p>Ihr Vertrauen ist uns wichtig. Daher m\u00f6chten wir Ihnen jederzeit Rede und Antwort bez\u00fcglich der Verarbeitung Ihrer personenbezogenen Daten stehen. Wenn Sie Fragen haben, die Ihnen diese Datenschutzerkl\u00e4rung nicht beantworten konnte oder wenn Sie zu einem Punkt vertiefte Informationen w\u00fcnschen, wenden Sie sich bitte jederzeit an den <a href=\"mailto:datenschutz@die-linke.de\">Datenschutzbeauftragten<\/a> der Bundesgesch\u00e4ftsstelle der Partei DIE LINKE.<\/p>\n","protected":false},"excerpt":{"rendered":"<p>B\u00fcrgerb\u00fcroMartinstra\u00dfe 1\/1A19053 Schwerin Telefon: 0385\/59 23 442Fax: 0385\/59 23 443 Wahlkreismitarbeiter Schwerin: Viktor Micheilis Email: wkb@henning-foerster.de Dieses Internetangebot informiert \u00fcber Aktivit\u00e4ten und Vorhaben von Henning Foerster. Die Webinhalte werden von uns elektronisch erstellt und manuell \u00fcberarbeitet. F\u00fcr eventuelle Abweichungen von Originaltexten \u00fcbernehmen wir keine Haftung. Impressum Das Internetangebot wird herausgegeben von: Henning Foerster,&nbsp; Martinstr. 1\/1a [&hellip;]<\/p>\n","protected":false},"author":1,"featured_media":0,"parent":0,"menu_order":0,"comment_status":"closed","ping_status":"closed","template":"","meta":{"ngg_post_thumbnail":0,"footnotes":""},"class_list":["post-17","page","type-page","status-publish","hentry"],"_links":{"self":[{"href":"https:\/\/henning-foerster.de\/index.php?rest_route=\/wp\/v2\/pages\/17","targetHints":{"allow":["GET"]}}],"collection":[{"href":"https:\/\/henning-foerster.de\/index.php?rest_route=\/wp\/v2\/pages"}],"about":[{"href":"https:\/\/henning-foerster.de\/index.php?rest_route=\/wp\/v2\/types\/page"}],"author":[{"embeddable":true,"href":"https:\/\/henning-foerster.de\/index.php?rest_route=\/wp\/v2\/users\/1"}],"replies":[{"embeddable":true,"href":"https:\/\/henning-foerster.de\/index.php?rest_route=%2Fwp%2Fv2%2Fcomments&post=17"}],"version-history":[{"count":14,"href":"https:\/\/henning-foerster.de\/index.php?rest_route=\/wp\/v2\/pages\/17\/revisions"}],"predecessor-version":[{"id":12700,"href":"https:\/\/henning-foerster.de\/index.php?rest_route=\/wp\/v2\/pages\/17\/revisions\/12700"}],"wp:attachment":[{"href":"https:\/\/henning-foerster.de\/index.php?rest_route=%2Fwp%2Fv2%2Fmedia&parent=17"}],"curies":[{"name":"wp","href":"https:\/\/api.w.org\/{rel}","templated":true}]}}